nder when 45731 is divided by 973?
0
Calculate the remainder when 329607 is divided by 1916.
55
What is the remainder when 146681 is divided by 123?
65
Calculate the remainder when 37451469 is divided by 35.
34
Calculate the remainder when 15432811 is divided by 46766.
31
Calculate the remainder when 532058 is divided by 177003.
1049
Calculate the remainder when 2282085 is divided by 760687.
24
What is the remainder when 767126 is divided by 191539?
970
Calculate the remainder when 7083551 is divided by 141.
134
Calculate the remainder when 4623534 is divided by 121.
3
Calculate the remainder when 197890 is divided by 187.
44
Calculate the remainder when 877182 is divided by 6960.
222
What is the remainder when 1981638 is divided by 2587?
2583
What is the remainder when 242276 is divided by 242072?
204
What is the remainder when 625421 is divided by 3512?
285
Calculate the remainder when 1318785 is divided by 957.
39
What is the remainder when 14680299 is divided by 1002?
999
Calculate the remainder when 8234233 is divided by 128.
121
What is the remainder when 334262 is divided by 110997?
1271
What is the remainder when 12081 is divided by 3854?
519
What is the remainder when 2436945 is divided by 3194?
3117
What is the remainder when 3317901 is divided by 71?
0
Calculate the remainder when 429517 is divided by 550.
517
What is the remainder when 3046324 is divided by 429?
424
Calculate the remainder when 1480362 is divided by 148036.
2
What is the remainder when 1522542 is divided by 3009?
2997
What is the remainder when 583106 is divided by 52985?
271
Calculate the remainder when 67941 is divided by 56204.
11737
What is the remainder when 24617119 is divided by 880?
879
Calculate the remainder when 5864536 is divided by 171.
91
What is the remainder when 317740 is divided by 317709?
31
What is the remainder when 108051 is divided by 107698?
353
Calculate the remainder when 2784842 is divided by 5.
2
Calculate the remainder when 4546562 is divided by 18710.
32
What is the remainder when 163178 is divided by 715?
158
Calculate the remainder when 9965 is divided by 6476.
3489
What is the remainder when 4393314 is divided by 2595?
2574
Calculate the remainder when 37698816 is divided by 37698816.
0
Calculate the remainder when 34256 is divided by 16125.
2006
Calculate the remainder when 224997 is divided by 1019.
817
Calculate the remainder when 48265159 is divided by 1318.
1317
Calculate the remainder when 551257 is divided by 29.
25
Calculate the remainder when 13832072 is divided by 332.
288
What is the remainder when 1403278 is divided by 701639?
0
What is the remainder when 119812 is divided by 3679?
2084
What is the remainder when 174338677 is divided by 175?
2
What is the remainder when 4418182 is divided by 373?
370
Calculate the remainder when 21690497 is divided by 3366.
3359
Calculate the remainder when 530135 is divided by 696.
479
Calculate the remainder when 226114 is divided by 112259.
1596
What is the remainder when 12124681 is divided by 58?
13
Calculate the remainder when 8628564 is divided by 137.
30
Calculate the remainder when 3588411 is divided by 358835.
61
What is the remainder when 27186886 is divided by 9?
1
Calculate the remainder when 17018961 is divided by 322.
295
Calculate the remainder when 267210 is divided by 11131.
66
What is the remainder when 2922727 is divided by 739?
721
Calculate the remainder when 10420 is divided by 1381.
753
Calculate the remainder when 7580131 is divided by 7580119.
12
Calculate the remainder when 5888261 is divided by 1177651.
6
Calculate the remainder when 4953518 is divided by 103198.
14
Calculate the remainder when 10564589 is divided by 212.
205
What is the remainder when 5958643 is divided by 13?
2
What is the remainder when 1390723 is divided by 49667?
47
Calculate the remainder when 361510 is divided by 1027.
6
Calculate the remainder when 140289 is divided by 10289.
6532
What is the remainder when 4273 is divided by 2679?
1594
Calculate the remainder when 26772 is divided by 8730.
582
Calculate the remainder when 5062207 is divided by 107.
37
What is the remainder when 325389130 is divided by 1680?
10
Calculate the remainder when 480459191 is divided by 188.
187
Calculate the remainder when 1129123 is divided by 564399.
325
Calculate the remainder when 3840021 is divided by 162.
135
What is the remainder when 7563051 is divided by 1080360?
531
What is the remainder when 184610 is divided by 391?
58
Calculate the remainder when 801281 is divided by 278.
85
Calculate the remainder when 434223592 is divided by 294.
292
Calculate the remainder when 100235455 is divided by 1605.
1600
Calculate the remainder when 9805167 is divided by 412.
391
Calculate the remainder when 30028 is divided by 463.
396
Calculate the remainder when 1045461 is divided by 1766.
1755
What is the remainder when 34245696 is divided by 98976?
0
Calculate the remainder when 19028267 is divided by 7404.
7391
What is the remainder when 16989740 is divided by 7320?
20
Calculate the remainder when 25759771 is divided by 2978.
71
What is the remainder when 5069613191 is divided by 4872?
4871
Calculate the remainder when 51208239 is divided by 25604085.
69
What is the remainder when 1996581 is divided by 709?
37
What is the remainder when 1476147 is divided by 1476143?
4
Calculate the remainder when 8521375 is divided by 23219.
2
Calculate the remainder when 133750 is divided by 10286.
32
What is the remainder when 260372 is divided by 1235?
1022
Calculate the remainder when 4064787 is divided by 411.
408
What is the remainder when 1167464213 is divided by 41?
37
What is the remainder when 327715 is divided by 1252?
943
What is the remainder when 43378869 is divided by 535?
534
Calculate the remainder when 4427476 is divided by 23.
22
Calculate the remainder when 443385 is divided by 27684.
441
Calculate the remainder when 551902 is divided by 551889.
13
Calculate the remainder when 792481 is divided by 261833.
6982
What is the remainder when 34486682 is divided by 503?
499
What is the remainder when 20428762 is divided by 1447?
16
What is the remainder when 539362 is divided by 6498?
28
Calculate the remainder when 1041165 is divided by 520390.
385
What is the remainder when 544201 is divided by 544132?
69
What is the remainder when 69725 is divided by 34855?
15
What is the remainder when 5309430 is divided by 136136?
126
What is the remainder when 264093 is divided by 875?
718
What is the remainder when 38898402 is divided by 113738?
6
What is the remainder when 239453 is divided by 493?
348
Calculate the remainder when 81442 is divided by 11633.
11
What is the remainder when 629632 is divided by 5201?
311
What is the remainder when 135603 is divided by 282?
243
What is the remainder when 732801 is divided by 61?
8
Calculate the remainder when 39511 is divided by 19594.
323
Calculate the remainder when 12215 is divided by 5441.
1333
What is the remainder when 6437594 is divided by 306531?
443
Calculate the remainder when 10361596 is divided by 27.
22
Calculate the remainder when 3548296 is divided by 318.
52
What is the remainder when 160103 is divided by 837?
236
Calculate the remainder when 4577937 is divided by 96.
81
What is the remainder when 98403 is divided by 2794?
613
Calculate the remainder when 436530 is divided by 61826.
3748
Calculate the remainder when 221538535 is divided by 13.
10
What is the remainder when 15806058 is divided by 7903027?
4
What is the remainder when 6811202 is divided by 107?
10
What is the remainder when 1881790149 is divided by 50?
49
What is the remainder when 29086538 is divided by 72175?
13
Calculate the remainder when 216676903 is divided by 15476921.
9
Calculate the remainder when 119972 is divided by 19889.
638
Calculate the remainder when 281880 is divided by 40261.
53
What is the remainder when 1204707 is divided by 44617?
48
What is the remainder when 52062 is divided by 210?
192
What is the remainder when 1206316 is divided by 863?
705
Calculate the remainder when 3250846 is divided by 158.
154
Calculate the remainder when 733525 is divided by 727.
709
What is the remainder when 2597732 is divided by 28?
4
Calculate the remainder when 60412987 is divided by 4291